{"id":604,"date":"2025-03-26T17:26:14","date_gmt":"2025-03-26T17:26:14","guid":{"rendered":"https:\/\/defensys.pl\/?page_id=604"},"modified":"2025-03-26T17:26:14","modified_gmt":"2025-03-26T17:26:14","slug":"infrastruktura-it","status":"publish","type":"page","link":"https:\/\/defensys.pl\/index.php\/oferta\/infrastruktura-it\/","title":{"rendered":"Infrastruktura IT"},"content":{"rendered":"\n<div class=\"wp-block-group alignfull is-layout-constrained wp-container-core-group-is-layout-c1a2593c wp-block-group-is-layout-constrained\" style=\"margin-top:var(--wp--preset--spacing--60);margin-bottom:var(--wp--preset--spacing--60);padding-top:var(--wp--preset--spacing--40);padding-right:var(--wp--preset--spacing--30);padding-bottom:0px;padding-left:var(--wp--preset--spacing--30)\">\n<div class=\"wp-block-group nas-consulting-lite-fade-up is-layout-constrained wp-container-core-group-is-layout-ad87464f wp-block-group-is-layout-constrained\">\n<p class=\"has-text-align-center has-dark-color-color has-text-color has-link-color wp-elements-e8508397ee345d3279a594b26e7fbbca\" style=\"margin-top:12px\">Specjalizujemy si\u0119 w dostarczaniu i wdra\u017caniu kompleksowej infrastruktury IT, obejmuj\u0105cej wydajne sieci przewodowe i bezprzewodowe, serwery, macierze dyskowe, zaawansowane systemy backupu oraz rozwi\u0105zania SD-WAN, wykorzystuj\u0105c najnowocze\u015bniejsze technologie zapewniaj\u0105ce skalowalno\u015b\u0107 i niezawodno\u015b\u0107.<\/p>\n<\/div>\n\n\n\n<div class=\"wp-block-group is-layout-constrained wp-container-core-group-is-layout-f1addd9b wp-block-group-is-layout-constrained\" style=\"margin-top:0;margin-bottom:0;padding-top:var(--wp--preset--spacing--60);padding-bottom:var(--wp--preset--spacing--60)\">\n<div class=\"flip-container nas-consulting-lite-fade-up\">\n  <div class=\"flipper\">\n    <div class=\"front\">\n      <h3 class=\"card-title\">Sieci przewodowe i bezprzewodowe<\/h3>\n      <div class=\"content-wrapper\">\n        <div class=\"icon-container\">\n          <img decoding=\"async\" src=\"http:\/\/defensys.pl\/wp-content\/uploads\/2025\/03\/net.png\" alt=\"Ikona\" class=\"icon\">\n          <div class=\"vertical-line\"><\/div>\n        <\/div>\n        <div class=\"front-text\">Sprawna i bezpieczna infrastruktura sieciowa to fundament nowoczesnych organizacji, kt\u00f3re wymagaj\u0105 niezawodnej komunikacji i dost\u0119pu do zasob\u00f3w. Projektujemy i wdra\u017camy nowoczesne sieci LAN i Wi-Fi, kt\u00f3re \u0142\u0105cz\u0105 wysok\u0105 wydajno\u015b\u0107, stabilno\u015b\u0107 oraz zaawansowane mechanizmy ochrony przed cyberzagro\u017ceniami.<\/div>\n      <\/div>\n    <\/div>\n    <div class=\"back\">\n      <div class=\"back-text\">Korzystamy z technologii <strong>Fortinet, HPE Aruba i Sophos<\/strong>, zapewniaj\u0105c inteligentne zarz\u0105dzanie ruchem sieciowym, segmentacj\u0119 oraz zaawansowane funkcje zabezpiecze\u0144. Nasze rozwi\u0105zania obejmuj\u0105 sieci przewodowe i bezprzewodowe zoptymalizowane pod k\u0105tem wydajno\u015bci, z mo\u017cliwo\u015bci\u0105 monitorowania i automatycznego wykrywania zagro\u017ce\u0144. Dzi\u0119ki temu organizacje mog\u0105 cieszy\u0107 si\u0119 stabilnym i bezpiecznym po\u0142\u0105czeniem, dostosowanym do rosn\u0105cych wymaga\u0144 cyfrowego \u015brodowiska pracy.<\/div>\n    <\/div>\n  <\/div>\n<\/div>\n\n\n\n<div class=\"flip-container nas-consulting-lite-fade-up\">\n  <div class=\"flipper\">\n    <div class=\"front\">\n      <h3 class=\"card-title\">SD-WAN<\/h3>\n      <div class=\"content-wrapper\">\n        <div class=\"icon-container\">\n          <img decoding=\"async\" src=\"http:\/\/defensys.pl\/wp-content\/uploads\/2025\/03\/sd-wan.png\" alt=\"Ikona\" class=\"icon\">\n          <div class=\"vertical-line\"><\/div>\n        <\/div>\n        <div class=\"front-text\">W dzisiejszym \u015bwiecie cyfrowym niezawodna i bezpieczna \u0142\u0105czno\u015b\u0107 mi\u0119dzy oddzia\u0142ami firmy oraz chmur\u0105 jest kluczowa dla sprawnego funkcjonowania biznesu. Dlatego oferujemy nowoczesne rozwi\u0105zania SD-WAN, kt\u00f3re zapewniaj\u0105 wysok\u0105 wydajno\u015b\u0107, elastyczno\u015b\u0107 oraz optymalizacj\u0119 ruchu sieciowego.<\/div>\n      <\/div>\n    <\/div>\n    <div class=\"back\">\n      <div class=\"back-text\">Wdra\u017camy zaawansowane technologie SD-WAN firmy <strong>Fortinet<\/strong>, kt\u00f3re gwarantuj\u0105 szybkie, bezpieczne i inteligentne zarz\u0105dzanie ruchem w sieci. Dzi\u0119ki centralnej kontroli i automatyzacji konfiguracji nasze rozwi\u0105zania minimalizuj\u0105 op\u00f3\u017anienia oraz zwi\u0119kszaj\u0105 niezawodno\u015b\u0107 po\u0142\u0105cze\u0144, co przek\u0142ada si\u0119 na lepsz\u0105 efektywno\u015b\u0107 operacyjn\u0105. Dodatkowo, wbudowane mechanizmy zabezpiecze\u0144 chroni\u0105 przed cyberzagro\u017ceniami, zapewniaj\u0105c pe\u0142n\u0105 ochron\u0119 danych i komunikacji w firmie.<\/div>\n    <\/div>\n  <\/div>\n<\/div>\n\n\n\n<div class=\"flip-container nas-consulting-lite-fade-up\">\n  <div class=\"flipper\">\n    <div class=\"front\">\n      <h3 class=\"card-title\">Wirtualizacja, serwery i macierze<\/h3>\n      <div class=\"content-wrapper\">\n        <div class=\"icon-container\">\n          <img decoding=\"async\" src=\"http:\/\/defensys.pl\/wp-content\/uploads\/2025\/03\/infra.png\" alt=\"Ikona\" class=\"icon\">\n          <div class=\"vertical-line\"><\/div>\n        <\/div>\n        <div class=\"front-text\">Sprawnie dzia\u0142aj\u0105ca infrastruktura IT to fundament nowoczesnego biznesu, kt\u00f3ry wymaga elastyczno\u015bci, niezawodno\u015bci i wysokiej wydajno\u015bci. Dlatego pomagamy w budowie \u015brodowisk opartych na wirtualizacji, dostarczaj\u0105c nowoczesne rozwi\u0105zania serwerowe oraz systemy przechowywania danych dopasowane do indywidualnych potrzeb firm.<\/div>\n      <\/div>\n    <\/div>\n    <div class=\"back\">\n      <div class=\"back-text\">Wdra\u017camy zaawansowane technologie serwerowe i storage renomowanych firm, takich jak <strong>NetApp i Synology<\/strong>, kt\u00f3re zapewniaj\u0105 skalowalno\u015b\u0107 oraz bezpiecze\u0144stwo przechowywanych danych. Nasze rozwi\u0105zania wspieraj\u0105 wirtualizacj\u0119, umo\u017cliwiaj\u0105c optymalne zarz\u0105dzanie zasobami IT i zwi\u0119kszenie efektywno\u015bci operacyjnej. Dzi\u0119ki inteligentnemu zarz\u0105dzaniu danymi oraz mechanizmom ochrony minimalizujemy ryzyko utraty informacji i gwarantujemy stabiln\u0105 prac\u0119 ca\u0142ej infrastruktury.<\/div>\n    <\/div>\n  <\/div>\n<\/div>\n\n\n\n<div class=\"flip-container nas-consulting-lite-fade-up\">\n  <div class=\"flipper\">\n    <div class=\"front\">\n      <h3 class=\"card-title\">Backup i archiwizacja<\/h3>\n      <div class=\"content-wrapper\">\n        <div class=\"icon-container\">\n          <img decoding=\"async\" src=\"http:\/\/defensys.pl\/wp-content\/uploads\/2025\/03\/archiw.png\" alt=\"Ikona\" class=\"icon\">\n          <div class=\"vertical-line\"><\/div>\n        <\/div>\n        <div class=\"front-text\">Bezpiecze\u0144stwo danych to kluczowy element ka\u017cdej nowoczesnej infrastruktury IT, dlatego niezawodne rozwi\u0105zania do backupu i archiwizacji s\u0105 niezb\u0119dne dla ci\u0105g\u0142o\u015bci dzia\u0142ania firmy. Oferujemy kompleksowe systemy ochrony danych, kt\u00f3re zapewniaj\u0105 ich sta\u0142\u0105 dost\u0119pno\u015b\u0107 oraz minimalizuj\u0105 ryzyko utraty w przypadku awarii czy cyberatak\u00f3w.<\/div>\n      <\/div>\n    <\/div>\n    <div class=\"back\">\n      <div class=\"back-text\">Wdra\u017camy zaawansowane technologie backupu i archiwizacji firm <strong>Veeam i Xopero<\/strong>, kt\u00f3re gwarantuj\u0105 szybkie tworzenie kopii zapasowych oraz sprawne odzyskiwanie danych. Nasze rozwi\u0105zania wspieraj\u0105 zar\u00f3wno \u015brodowiska lokalne, jak i chmurowe, umo\u017cliwiaj\u0105c elastyczne dopasowanie strategii ochrony do potrzeb organizacji. Dzi\u0119ki automatyzacji proces\u00f3w oraz zaawansowanym mechanizmom szyfrowania zapewniamy maksymalne bezpiecze\u0144stwo i niezawodno\u015b\u0107 przechowywanych informacji.<\/div>\n    <\/div>\n  <\/div>\n<\/div>\n\n\n\n<div class=\"flip-container nas-consulting-lite-fade-up\">\n  <div class=\"flipper\">\n    <div class=\"front\">\n      <h3 class=\"card-title\">Monitoring Infrastruktury IT<\/h3>\n      <div class=\"content-wrapper\">\n        <div class=\"icon-container\">\n          <img decoding=\"async\" src=\"http:\/\/defensys.pl\/wp-content\/uploads\/2025\/03\/monitoring.png\" alt=\"Ikona\" class=\"icon\">\n          <div class=\"vertical-line\"><\/div>\n        <\/div>\n        <div class=\"front-text\">Skuteczny monitoring IT to kluczowy element zapewniaj\u0105cy stabilno\u015b\u0107 i bezpiecze\u0144stwo infrastruktury informatycznej. Dzi\u0119ki nowoczesnym systemom nadzoru firmy mog\u0105 uzyska\u0107 pe\u0142n\u0105 widoczno\u015b\u0107 swojej sieci, co pozwala na szybk\u0105 identyfikacj\u0119 problem\u00f3w i minimalizacj\u0119 ryzyka przestoj\u00f3w.<\/div>\n      <\/div>\n    <\/div>\n    <div class=\"back\">\n      <div class=\"back-text\">Wdra\u017camy zaawansowane rozwi\u0105zania monitoringu IT oparte na systemie <strong>Zabbix<\/strong>, kt\u00f3re umo\u017cliwiaj\u0105 ci\u0105g\u0142\u0105 kontrol\u0119 serwer\u00f3w, aplikacji, urz\u0105dze\u0144 sieciowych oraz us\u0142ug. Nasze systemy zapewniaj\u0105 automatyczne wykrywanie anomalii, generowanie alert\u00f3w oraz szczeg\u00f3\u0142ow\u0105 analiz\u0119 wydajno\u015bci infrastruktury. Dzi\u0119ki temu organizacje mog\u0105 szybko reagowa\u0107 na incydenty, optymalizowa\u0107 zasoby IT i zapewnia\u0107 nieprzerwan\u0105 prac\u0119 kluczowych system\u00f3w.<\/div>\n    <\/div>\n  <\/div>\n<\/div>\n<\/div>\n<\/div>\n\n\n\n<div class=\"wp-block-group has-primary-background-color has-background is-layout-constrained wp-container-core-group-is-layout-bc748be1 wp-block-group-is-layout-constrained\" style=\"padding-top:var(--wp--preset--spacing--80);padding-right:var(--wp--preset--spacing--40);padding-bottom:var(--wp--preset--spacing--80);padding-left:var(--wp--preset--spacing--40)\">\n<h2 class=\"wp-block-heading has-text-align-center nas-consulting-lite-fade-up\">Jeste\u015b zainteresowany nasz\u0105 ofert\u0105? <\/h2>\n\n\n\n<div class=\"wp-block-buttons nas-consulting-lite-zoom-in delay-1s is-content-justification-center is-layout-flex wp-container-core-buttons-is-layout-8074a74b wp-block-buttons-is-layout-flex\" style=\"margin-top:30px;padding-top:0;padding-bottom:0\">\n<div class=\"wp-block-button has-custom-font-size is-style-button-hover-secondary-bgcolor is-style-fill has-normal-font-size\" style=\"font-style:normal;font-weight:500\"><a class=\"wp-block-button__link has-dark-color-color has-white-background-color has-text-color has-background has-link-color wp-element-button\" href=\"https:\/\/defensys.pl\/index.php\/kontakt\/\" style=\"border-radius:7px;padding-top:var(--wp--preset--spacing--40);padding-right:var(--wp--preset--spacing--70);padding-bottom:var(--wp--preset--spacing--40);padding-left:var(--wp--preset--spacing--70)\">Skontaktuj si\u0119 z nami!<\/a><\/div>\n<\/div>\n<\/div>\n","protected":false},"excerpt":{"rendered":"","protected":false},"author":1,"featured_media":0,"parent":444,"menu_order":0,"comment_status":"closed","ping_status":"closed","template":"blank-with-header-footer","meta":{"footnotes":""},"class_list":["post-604","page","type-page","status-publish","hentry"],"_links":{"self":[{"href":"https:\/\/defensys.pl\/index.php\/wp-json\/wp\/v2\/pages\/604","targetHints":{"allow":["GET"]}}],"collection":[{"href":"https:\/\/defensys.pl\/index.php\/wp-json\/wp\/v2\/pages"}],"about":[{"href":"https:\/\/defensys.pl\/index.php\/wp-json\/wp\/v2\/types\/page"}],"author":[{"embeddable":true,"href":"https:\/\/defensys.pl\/index.php\/wp-json\/wp\/v2\/users\/1"}],"replies":[{"embeddable":true,"href":"https:\/\/defensys.pl\/index.php\/wp-json\/wp\/v2\/comments?post=604"}],"version-history":[{"count":1,"href":"https:\/\/defensys.pl\/index.php\/wp-json\/wp\/v2\/pages\/604\/revisions"}],"predecessor-version":[{"id":606,"href":"https:\/\/defensys.pl\/index.php\/wp-json\/wp\/v2\/pages\/604\/revisions\/606"}],"up":[{"embeddable":true,"href":"https:\/\/defensys.pl\/index.php\/wp-json\/wp\/v2\/pages\/444"}],"wp:attachment":[{"href":"https:\/\/defensys.pl\/index.php\/wp-json\/wp\/v2\/media?parent=604"}],"curies":[{"name":"wp","href":"https:\/\/api.w.org\/{rel}","templated":true}]}}