{"id":531,"date":"2025-03-25T16:58:17","date_gmt":"2025-03-25T16:58:17","guid":{"rendered":"https:\/\/defensys.pl\/?page_id=531"},"modified":"2025-03-27T14:38:27","modified_gmt":"2025-03-27T14:38:27","slug":"aktualnosci","status":"publish","type":"page","link":"https:\/\/defensys.pl\/index.php\/aktualnosci\/","title":{"rendered":"Aktualno\u015bci"},"content":{"rendered":"\n<main class=\"wp-block-group is-layout-constrained wp-container-core-group-is-layout-e47c3070 wp-block-group-is-layout-constrained\" style=\"border-top-style:none;border-top-width:0px;border-bottom-style:none;border-bottom-width:0px;margin-top:var(--wp--preset--spacing--60);margin-bottom:var(--wp--preset--spacing--60);padding-top:var(--wp--preset--spacing--40);padding-right:var(--wp--preset--spacing--30);padding-bottom:var(--wp--preset--spacing--40);padding-left:var(--wp--preset--spacing--30)\">\n<div class=\"wp-block-group is-layout-constrained wp-container-core-group-is-layout-6970daee wp-block-group-is-layout-constrained\" style=\"margin-top:0;margin-bottom:0;padding-top:0;padding-right:var(--wp--preset--spacing--40);padding-bottom:0;padding-left:var(--wp--preset--spacing--40)\">\n<div class=\"wp-block-columns is-layout-flex wp-container-core-columns-is-layout-28f84493 wp-block-columns-is-layout-flex\">\n<div class=\"wp-block-column is-layout-flow wp-block-column-is-layout-flow\" style=\"flex-basis:70%\">\n<div class=\"wp-block-query nas-consulting-lite-fade-right is-layout-flow wp-block-query-is-layout-flow\"><ul class=\"wp-block-post-template is-layout-flow wp-container-core-post-template-is-layout-188ca8af wp-block-post-template-is-layout-flow\"><li class=\"wp-block-post post-769 post type-post status-publish format-standard hentry category-firma\">\n\n<div class=\"wp-block-group is-style-default has-border-color has-secondary-border-color has-light-color-background-color has-background is-layout-constrained wp-container-core-group-is-layout-9ea41406 wp-block-group-is-layout-constrained\" style=\"border-style:solid;border-width:1px;border-radius:0px;padding-top:0px;padding-right:0px;padding-bottom:0px;padding-left:0px\">\n\n\n<div class=\"wp-block-group is-layout-constrained wp-container-core-group-is-layout-14078cae wp-block-group-is-layout-constrained\" style=\"border-radius:0px;margin-top:0;margin-bottom:0;padding-top:24px;padding-right:24px;padding-bottom:24px;padding-left:24px\"><div class=\"taxonomy-category has-link-color wp-elements-c5a6594f44feb9bfccd6f4d50fd03fe8 wp-block-post-terms has-small-font-size\"><a href=\"https:\/\/defensys.pl\/index.php\/category\/firma\/\" rel=\"tag\">Firma<\/a><\/div>\n\n<h3 style=\"font-style:normal;font-weight:600; margin-top:var(--wp--preset--spacing--20);margin-bottom:0;\" class=\"has-link-color is-style-title-hover-secondary-color wp-elements-2eaf43c8ba6326bdca11255266bb912b wp-block-post-title has-big-font-size\"><a href=\"https:\/\/defensys.pl\/index.php\/2025\/06\/26\/defensys-partnerem-fortinet-wzmocniona-oferta-cyberbezpieczenstwa-dla-twojej-firmy\/\" target=\"_self\" >DEFENSYS Partnerem Fortinet \u2013 Wzmocniona Oferta Cyberbezpiecze\u0144stwa dla Twojej Firmy<\/a><\/h3>\n\n\n<div class=\"wp-block-group is-nowrap is-layout-flex wp-container-core-group-is-layout-3ba74d55 wp-block-group-is-layout-flex\" style=\"margin-top:0;margin-bottom:0;padding-top:var(--wp--preset--spacing--40);padding-bottom:var(--wp--preset--spacing--40)\"><div style=\"text-transform:capitalize;\" class=\"wp-block-post-author-name\">Biuro<\/div>\n\n<div class=\"wp-block-post-date\"><time datetime=\"2025-06-26T18:35:28+00:00\">26 czerwca, 2025<\/time><\/div><\/div>\n\n\n<div style=\"margin-top:0;margin-bottom:0;\" class=\"wp-block-post-excerpt\"><p class=\"wp-block-post-excerpt__excerpt\">Mi\u0142o nam poinformowa\u0107, \u017ce&nbsp;DEFENSYS, wiod\u0105ca firma integratorska specjalizuj\u0105ca si\u0119 w zaawansowanych rozwi\u0105zaniach z zakresu cyberbezpiecze\u0144stwa,&#8230; <\/p><\/div><\/div>\n<\/div>\n\n<\/li><li class=\"wp-block-post post-300 post type-post status-publish format-standard hentry category-firma\">\n\n<div class=\"wp-block-group is-style-default has-border-color has-secondary-border-color has-light-color-background-color has-background is-layout-constrained wp-container-core-group-is-layout-9ea41406 wp-block-group-is-layout-constrained\" style=\"border-style:solid;border-width:1px;border-radius:0px;padding-top:0px;padding-right:0px;padding-bottom:0px;padding-left:0px\">\n\n\n<div class=\"wp-block-group is-layout-constrained wp-container-core-group-is-layout-14078cae wp-block-group-is-layout-constrained\" style=\"border-radius:0px;margin-top:0;margin-bottom:0;padding-top:24px;padding-right:24px;padding-bottom:24px;padding-left:24px\"><div class=\"taxonomy-category has-link-color wp-elements-c5a6594f44feb9bfccd6f4d50fd03fe8 wp-block-post-terms has-small-font-size\"><a href=\"https:\/\/defensys.pl\/index.php\/category\/firma\/\" rel=\"tag\">Firma<\/a><\/div>\n\n<h3 style=\"font-style:normal;font-weight:600; margin-top:var(--wp--preset--spacing--20);margin-bottom:0;\" class=\"has-link-color is-style-title-hover-secondary-color wp-elements-2eaf43c8ba6326bdca11255266bb912b wp-block-post-title has-big-font-size\"><a href=\"https:\/\/defensys.pl\/index.php\/2025\/03\/23\/startujemy\/\" target=\"_self\" >Startujemy!<\/a><\/h3>\n\n\n<div class=\"wp-block-group is-nowrap is-layout-flex wp-container-core-group-is-layout-3ba74d55 wp-block-group-is-layout-flex\" style=\"margin-top:0;margin-bottom:0;padding-top:var(--wp--preset--spacing--40);padding-bottom:var(--wp--preset--spacing--40)\"><div style=\"text-transform:capitalize;\" class=\"wp-block-post-author-name\">Biuro<\/div>\n\n<div class=\"wp-block-post-date\"><time datetime=\"2025-03-23T12:01:27+00:00\">23 marca, 2025<\/time><\/div><\/div>\n\n\n<div style=\"margin-top:0;margin-bottom:0;\" class=\"wp-block-post-excerpt\"><p class=\"wp-block-post-excerpt__excerpt\">Z rado\u015bci\u0105 informujemy o otwarciu nowej sp\u00f3\u0142ki IT, stworzonej przez czterech do\u015bwiadczonych wsp\u00f3lnik\u00f3w, kt\u00f3rzy postanowili&#8230; <\/p><\/div><\/div>\n<\/div>\n\n<\/li><\/ul>\n\n<\/div>\n<\/div>\n\n\n\n<div class=\"wp-block-column nas-consulting-lite-fade-up is-layout-flow wp-block-column-is-layout-flow\" style=\"flex-basis:30%\"><div class=\"wp-block-template-part\">\n<div class=\"wp-block-group is-layout-constrained wp-block-group-is-layout-constrained\">\n<div class=\"wp-block-group has-border-color has-secondary-border-color has-light-color-background-color has-background is-layout-constrained wp-container-core-group-is-layout-f16d9770 wp-block-group-is-layout-constrained\" style=\"border-width:1px;border-radius:0px;margin-bottom:var(--wp--preset--spacing--40);padding-top:24px;padding-right:24px;padding-bottom:24px;padding-left:24px\">\n<div class=\"wp-block-group is-layout-constrained wp-block-group-is-layout-constrained\" style=\"border-bottom-color:var(--wp--preset--color--border-color);border-bottom-width:1px;margin-bottom:var(--wp--preset--spacing--40);padding-bottom:var(--wp--preset--spacing--30)\">\n<h4 class=\"wp-block-heading has-big-font-size\" style=\"font-style:normal;font-weight:500\">Wyszukaj<\/h4>\n<\/div>\n\n\n<form role=\"search\" method=\"get\" action=\"https:\/\/defensys.pl\/\" class=\"wp-block-search__button-inside wp-block-search__icon-button wp-block-search\"    ><label class=\"wp-block-search__label screen-reader-text\" for=\"wp-block-search__input-1\" >Search<\/label><div class=\"wp-block-search__inside-wrapper has-border-color has-secondary-border-color\"  style=\"border-width: 1px\"><input class=\"wp-block-search__input has-small-font-size\" id=\"wp-block-search__input-1\" placeholder=\"Wyszukaj...\" value=\"\" type=\"search\" name=\"s\" required  style=\"border-radius: 0px\"\/><button aria-label=\"Search\" class=\"wp-block-search__button has-text-color has-light-color-color has-background has-primary-background-color has-small-font-size has-icon wp-element-button\" type=\"submit\"  style=\"border-radius: 0px\"><svg class=\"search-icon\" viewBox=\"0 0 24 24\" width=\"24\" height=\"24\">\n\t\t\t\t\t<path d=\"M13 5c-3.3 0-6 2.7-6 6 0 1.4.5 2.7 1.3 3.7l-3.8 3.8 1.1 1.1 3.8-3.8c1 .8 2.3 1.3 3.7 1.3 3.3 0 6-2.7 6-6S16.3 5 13 5zm0 10.5c-2.5 0-4.5-2-4.5-4.5s2-4.5 4.5-4.5 4.5 2 4.5 4.5-2 4.5-4.5 4.5z\"><\/path>\n\t\t\t\t<\/svg><\/button><\/div><\/form><\/div>\n\n\n\n<div class=\"wp-block-group has-border-color has-secondary-border-color has-light-color-background-color has-background is-layout-constrained wp-container-core-group-is-layout-4e3d3480 wp-block-group-is-layout-constrained\" style=\"border-width:1px;border-radius:0px;margin-bottom:var(--wp--preset--spacing--40);padding-top:20px;padding-right:20px;padding-bottom:20px;padding-left:20px\">\n<div class=\"wp-block-group is-layout-constrained wp-block-group-is-layout-constrained\" style=\"border-bottom-color:var(--wp--preset--color--border-color);border-bottom-width:1px;margin-bottom:var(--wp--preset--spacing--40);padding-bottom:var(--wp--preset--spacing--30)\">\n<h4 class=\"wp-block-heading has-big-font-size\" style=\"font-style:normal;font-weight:500\">Ostatni post<\/h4>\n<\/div>\n\n\n\n<div class=\"wp-block-group is-content-justification-center is-layout-constrained wp-container-core-group-is-layout-3be452c0 wp-block-group-is-layout-constrained\" style=\"border-style:none;border-width:0px;padding-top:0;padding-right:0;padding-bottom:0;padding-left:0\">\n<div class=\"wp-block-query is-layout-flow wp-block-query-is-layout-flow\"><ul class=\"wp-block-post-template is-layout-flow wp-block-post-template-is-layout-flow\"><li class=\"wp-block-post post-769 post type-post status-publish format-standard hentry category-firma\">\n\n<div class=\"wp-block-group is-layout-flow wp-container-core-group-is-layout-931b8eb1 wp-block-group-is-layout-flow\" style=\"border-radius:10px;padding-top:0px;padding-right:0px;padding-bottom:0px;padding-left:0px\">\n<div class=\"wp-block-columns is-layout-flex wp-container-core-columns-is-layout-28f84493 wp-block-columns-is-layout-flex\">\n<div class=\"wp-block-column is-vertically-aligned-center is-layout-flow wp-container-core-column-is-layout-8a368f38 wp-block-column-is-layout-flow\">\n<div class=\"wp-block-group is-vertical is-layout-flex wp-container-core-group-is-layout-4b827052 wp-block-group-is-layout-flex\"><h2 style=\"font-size:clamp(14px, 0.875rem + ((1vw - 3.2px) * 0.366), 20px);font-style:normal;font-weight:400;line-height:1.2; margin-bottom:var(--wp--preset--spacing--40);margin-top:0;\" class=\"has-link-color is-style-title-hover-secondary-color wp-elements-341c67e3c69fdafc2faedd7ad38bac70 wp-block-post-title has-text-color has-heading-color-color\"><a href=\"https:\/\/defensys.pl\/index.php\/2025\/06\/26\/defensys-partnerem-fortinet-wzmocniona-oferta-cyberbezpieczenstwa-dla-twojej-firmy\/\" target=\"_self\" >DEFENSYS Partnerem Fortinet \u2013 Wzmocniona Oferta Cyberbezpiecze\u0144stwa dla Twojej Firmy<\/a><\/h2>\n\n\n<div class=\"wp-block-group has-x-small-font-size is-nowrap is-layout-flex wp-container-core-group-is-layout-cff77db9 wp-block-group-is-layout-flex\" style=\"padding-bottom:0\"><div class=\"wp-block-post-date has-xx-small-font-size\"><time datetime=\"2025-06-26T18:35:28+00:00\">26 czerwca, 2025<\/time><\/div>\n\n\n<p>.<\/p>\n\n\n<div class=\"wp-block-post-author-name has-xx-small-font-size\">Biuro<\/div><\/div>\n<\/div>\n<\/div>\n<\/div>\n<\/div>\n\n<\/li><li class=\"wp-block-post post-300 post type-post status-publish format-standard hentry category-firma\">\n\n<div class=\"wp-block-group is-layout-flow wp-container-core-group-is-layout-931b8eb1 wp-block-group-is-layout-flow\" style=\"border-radius:10px;padding-top:0px;padding-right:0px;padding-bottom:0px;padding-left:0px\">\n<div class=\"wp-block-columns is-layout-flex wp-container-core-columns-is-layout-28f84493 wp-block-columns-is-layout-flex\">\n<div class=\"wp-block-column is-vertically-aligned-center is-layout-flow wp-container-core-column-is-layout-8a368f38 wp-block-column-is-layout-flow\">\n<div class=\"wp-block-group is-vertical is-layout-flex wp-container-core-group-is-layout-4b827052 wp-block-group-is-layout-flex\"><h2 style=\"font-size:clamp(14px, 0.875rem + ((1vw - 3.2px) * 0.366), 20px);font-style:normal;font-weight:400;line-height:1.2; margin-bottom:var(--wp--preset--spacing--40);margin-top:0;\" class=\"has-link-color is-style-title-hover-secondary-color wp-elements-341c67e3c69fdafc2faedd7ad38bac70 wp-block-post-title has-text-color has-heading-color-color\"><a href=\"https:\/\/defensys.pl\/index.php\/2025\/03\/23\/startujemy\/\" target=\"_self\" >Startujemy!<\/a><\/h2>\n\n\n<div class=\"wp-block-group has-x-small-font-size is-nowrap is-layout-flex wp-container-core-group-is-layout-cff77db9 wp-block-group-is-layout-flex\" style=\"padding-bottom:0\"><div class=\"wp-block-post-date has-xx-small-font-size\"><time datetime=\"2025-03-23T12:01:27+00:00\">23 marca, 2025<\/time><\/div>\n\n\n<p>.<\/p>\n\n\n<div class=\"wp-block-post-author-name has-xx-small-font-size\">Biuro<\/div><\/div>\n<\/div>\n<\/div>\n<\/div>\n<\/div>\n\n<\/li><\/ul><\/div>\n<\/div>\n<\/div>\n\n\n\n<div class=\"wp-block-group has-border-color has-secondary-border-color has-light-color-background-color has-background is-layout-constrained wp-container-core-group-is-layout-f16d9770 wp-block-group-is-layout-constrained\" style=\"border-width:1px;border-radius:0px;margin-bottom:var(--wp--preset--spacing--40);padding-top:24px;padding-right:24px;padding-bottom:24px;padding-left:24px\">\n<div class=\"wp-block-group is-layout-constrained wp-block-group-is-layout-constrained\" style=\"border-bottom-color:var(--wp--preset--color--border-color);border-bottom-width:1px;margin-bottom:var(--wp--preset--spacing--40);padding-bottom:var(--wp--preset--spacing--30)\">\n<h4 class=\"wp-block-heading has-big-font-size\" style=\"font-style:normal;font-weight:500\">Kategori\u0119 <\/h4>\n<\/div>\n\n\n<ul style=\"line-height:2;\" class=\"wp-block-categories-list is-style-fotawp-categories-bullet-hide-style is-style-nas-consulting-lite-categories-bullet-hide-style wp-block-categories\">\t<li class=\"cat-item cat-item-7\"><a href=\"https:\/\/defensys.pl\/index.php\/category\/firma\/\">Firma<\/a> (2)\n<\/li>\n<\/ul><\/div>\n<\/div>\n<\/div><\/div>\n<\/div>\n<\/div>\n<\/main>\n","protected":false},"excerpt":{"rendered":"","protected":false},"author":1,"featured_media":0,"parent":0,"menu_order":0,"comment_status":"closed","ping_status":"closed","template":"blank-with-header-footer","meta":{"footnotes":""},"class_list":["post-531","page","type-page","status-publish","hentry"],"_links":{"self":[{"href":"https:\/\/defensys.pl\/index.php\/wp-json\/wp\/v2\/pages\/531","targetHints":{"allow":["GET"]}}],"collection":[{"href":"https:\/\/defensys.pl\/index.php\/wp-json\/wp\/v2\/pages"}],"about":[{"href":"https:\/\/defensys.pl\/index.php\/wp-json\/wp\/v2\/types\/page"}],"author":[{"embeddable":true,"href":"https:\/\/defensys.pl\/index.php\/wp-json\/wp\/v2\/users\/1"}],"replies":[{"embeddable":true,"href":"https:\/\/defensys.pl\/index.php\/wp-json\/wp\/v2\/comments?post=531"}],"version-history":[{"count":6,"href":"https:\/\/defensys.pl\/index.php\/wp-json\/wp\/v2\/pages\/531\/revisions"}],"predecessor-version":[{"id":698,"href":"https:\/\/defensys.pl\/index.php\/wp-json\/wp\/v2\/pages\/531\/revisions\/698"}],"wp:attachment":[{"href":"https:\/\/defensys.pl\/index.php\/wp-json\/wp\/v2\/media?parent=531"}],"curies":[{"name":"wp","href":"https:\/\/api.w.org\/{rel}","templated":true}]}}